 of 201?
0
What is the units digit of 1572?
2
What is the hundreds digit of 714?
7
What is the tens digit of 2023?
2
What is the thousands digit of 9617?
9
What is the units digit of 332?
2
What is the units digit of 315?
5
What is the hundreds digit of 1554?
5
What is the tens digit of 456?
5
What is the units digit of 1509?
9
What is the units digit of 480?
0
What is the tens digit of 1532?
3
What is the thousands digit of 18169?
8
What is the ten thousands digit of 28654?
2
What is the hundreds digit of 1960?
9
What is the hundreds digit of 47300?
3
What is the hundreds digit of 49297?
2
What is the units digit of 874?
4
What is the thousands digit of 3391?
3
What is the units digit of 2824?
4
What is the units digit of 8483?
3
What is the thousands digit of 4585?
4
What is the ten thousands digit of 19120?
1
What is the thousands digit of 46238?
6
What is the units digit of 478?
8
What is the hundreds digit of 13822?
8
What is the hundreds digit of 13355?
3
What is the hundreds digit of 47554?
5
What is the thousands digit of 28261?
8
What is the hundreds digit of 5854?
8
What is the hundreds digit of 11124?
1
What is the hundreds digit of 302?
3
What is the thousands digit of 15565?
5
What is the thousands digit of 3007?
3
What is the units digit of 41380?
0
What is the hundreds digit of 5677?
6
What is the units digit of 98597?
7
What is the hundreds digit of 2086?
0
What is the units digit of 1907?
7
What is the units digit of 39365?
5
What is the units digit of 20734?
4
What is the tens digit of 11042?
4
What is the thousands digit of 1653?
1
What is the thousands digit of 4535?
4
What is the hundreds digit of 139796?
7
What is the thousands digit of 7509?
7
What is the units digit of 2085?
5
What is the units digit of 10720?
0
What is the thousands digit of 1510?
1
What is the tens digit of 210?
1
What is the units digit of 36353?
3
What is the units digit of 252?
2
What is the thousands digit of 1005?
1
What is the thousands digit of 63262?
3
What is the units digit of 98015?
5
What is the tens digit of 231?
3
What is the units digit of 2585?
5
What is the units digit of 4370?
0
What is the units digit of 5246?
6
What is the tens digit of 15242?
4
What is the hundreds digit of 486?
4
What is the units digit of 3887?
7
What is the ten thousands digit of 23504?
2
What is the units digit of 268?
8
What is the units digit of 10393?
3
What is the units digit of 403?
3
What is the tens digit of 45961?
6
What is the ten thousands digit of 17257?
1
What is the thousands digit of 1040?
1
What is the tens digit of 605?
0
What is the tens digit of 2959?
5
What is the ten thousands digit of 19950?
1
What is the thousands digit of 5917?
5
What is the units digit of 48856?
6
What is the ten thousands digit of 19142?
1
What is the thousands digit of 1511?
1
What is the tens digit of 733?
3
What is the thousands digit of 3146?
3
What is the hundreds digit of 14678?
6
What is the thousands digit of 10165?
0
What is the units digit of 746?
6
What is the tens digit of 7236?
3
What is the tens digit of 562?
6
What is the tens digit of 80039?
3
What is the ten thousands digit of 10143?
1
What is the tens digit of 988?
8
What is the tens digit of 24775?
7
What is the tens digit of 2894?
9
What is the thousands digit of 112996?
2
What is the units digit of 134759?
9
What is the thousands digit of 46885?
6
What is the hundreds digit of 25217?
2
What is the thousands digit of 1383?
1
What is the hundreds digit of 3899?
8
What is the units digit of 55139?
9
What is the units digit of 102960?
0
What is the hundreds digit of 1038?
0
What is the units digit of 720?
0
What is the ten thousands digit of 15107?
1
What is the tens digit of 1211?
1
What is the hundreds digit of 35478?
4
What is the ten thousands digit of 24533?
2
What is the hundreds digit of 8472?
4
What is the thousands digit of 1412?
1
What is the units digit of 374?
4
What is the thousands digit of 49934?
9
What is the hundreds digit of 2177?
1
What is the tens digit of 2991?
9
What is the tens digit of 3045?
4
What is the hundreds digit of 2365?
3
What is the thousands digit of 15058?
5
What is the units digit of 2367?
7
What is the hundreds digit of 2852?
8
What is the units digit of 2067?
7
What is the tens digit of 1053?
5
What is the units digit of 142386?
6
What is the units digit of 856?
6
What is the units digit of 19689?
9
What is the units digit of 89776?
6
What is the tens digit of 4497?
9
What is the thousands digit of 1487?
1
What is the thousands digit of 1735?
1
What is the tens digit of 20754?
5
What is the thousands digit of 1048?
1
What is the ten thousands digit of 31402?
3
What is the thousands digit of 50248?
0
What is the units digit of 67882?
2
What is the thousands digit of 4876?
4
What is the units digit of 8167?
7
What is the hundreds digit of 135216?
2
What is the units digit of 50254?
4
What is the tens digit of 120156?
5
What is the hundreds digit of 1072?
0
What is the units digit of 34368?
8
What is the units digit of 14900?
0
What is the units digit of 3007?
7
What is the units digit of 543?
3
What is the units digit of 185?
5
What is the ten thousands digit of 16560?
1
What is the hundreds digit of 1288?
2
What is the thousands digit of 32826?
2
What is the tens digit of 410?
1
What is the hundreds digit of 803?
8
What is the units digit of 3925?
5
What is the thousands digit of 9167?
9
What is the thousands digit of 19998?
9
What is the tens digit of 2260?
6
What is the thousands digit of 3534?
3
What is the tens digit of 164?
6
What is the thousands digit of 3556?
3
What is the tens digit of 18584?
8
What is the tens digit of 19693?
9
What is the tens digit of 21686?
8
What is the ten thousands digit of 38772?
3
What is the units digit of 14252?
2
What is the ten thousands digit of 44810?
4
What is the thousands digit of 37939?
7
What is the thousands digit of 1196?
1
What is the hundreds digit of 855?
8
What is the thousands digit of 1006?
1
What is the thousands digit of 9900?
9
What is the hundreds digit of 1905?
9
What is the hundreds digit of 6819?
8
What is the units digit of 300?
0
What is the thousands digit of 3505?
3
What is the units digit of 3203?
3
What is the tens digit of 3908?
0
What is the hundreds digit of 52713?
7
What is the units digit of 5727?
7
What is the units digit of 2681?
1
What is the hundreds digit of 958?
9
What is the units digit of 1065?
5
What is the tens digit of 631?
3
What is the ten thousands digit of 17206?
1
What is the units digit of 8029?
9
What is the units digit of 8922?
2
What is the units digit of 51341?
1
What is the units digit of 618?
8
What is the hundreds digit of 1406?
4
What is the hundreds digit of 1531?
5
What is the tens digit of 3552?
5
What is the hundreds digit of 3064?
0
What is the ten thousands digit of 50295?
5
What is the units digit of 7?
7
What is the hundreds digit of 901?
9
What is the units digit of 410?
0
What is the tens digit of 7442?
4
What is the units digit of 3506?
6
What is the hundred thousands digit of 178514?
1
What is the units digit of 36?
6
What is the hundreds digit of 73327?
3
What is the ten thousands digit of 84069?
8
What is the tens digit of 745?
4
What is the units digit of 26492?
2
What is the units digit of 48973?
3
What is the tens digit of 374?
7
What is the thousands digit of 1412?
1
What is the thousands digit of 2005?
2
What is the hundreds digit of 5268?
2
What is the tens digit of 40567?
6
What is the units digit of 86956?
6
What is the hundreds digit of 16372?
3
What is the thousands digit of 2709?
2
What is the ten thousands digit of 11494?
1
What is the units digit of 3387?
7
What is the tens digit of 20819?
1
What is the ten thousands digit of 96658?
9
What is the units digit of 1166?
6
What is the thousands digit of 13541?
3
What is the units digit of 7066?
6
What is the tens digit of 33381?
8
What is the units digit of 675?
5
What is the hundreds digit of 12150?
1
What is the hundreds digit of 7128?
1
What is the tens digit of 1364?
6
What is the hundreds digit of 644?
6
What is the hundreds digit of 2625?
6
What is the thousands digit of 2172?
2
What is the tens digit of 68626?
2
What is the units digit of 25365?
5
What is the ten thousands digit of 128